te?
True
Suppose 0 = 5*f + z + 301 - 1883, -4*z = 5*f - 1573. Is f prime?
True
Suppose 0 = -2*h, -4*h = -5*f - 0*h + 15. Suppose -f = -3*j - 12, 5*j = 5*m - 1020. Is ((-2)/(-6))/(1/m) composite?
False
Let w(s) = 5 - s**2 - s**3 - 29 - 2. Let g be w(0). Let z = 61 + g. Is z a prime number?
False
Let q be 9/6*2/1. Let m = -1 + q. Is m a composite number?
False
Let v(z) = 9*z**2 + 11*z**2 - 5*z**2. Let p be v(-2). Suppose -3*s + p = s. Is s a prime number?
False
Let j(k) = -2*k**3 - 3*k**2 + 4. Let a = 6 - 9. Is j(a) a composite number?
False
Let v = -2 - -5. Suppose v*s + 333 = 5*y, 4*y - s - 3*s - 260 = 0. Is y composite?
True
Suppose 10 = -3*p - 17. Let y = 12 + p. Suppose -3*u + 3 = -y. Is u a composite number?
False
Suppose x - 7 + 3 = 0. Suppose 9*b + 4*f = x*b + 6035, -2*f = 2*b - 2412. Is b prime?
False
Let s = 613 + 370. Is s a prime number?
True
Let u(l) = 32*l**2 - 3*l + 3. Is u(4) a composite number?
False
Let u(s) = s**3 - 10*s**2 + 4. Let r be u(4). Let n be ((-1)/2)/(2/264). Let w = n - r. Is w a prime number?
False
Let j be 2162/10 - (-1)/(-5). Suppose 0 = -2*r - 5*k - j + 40, -4*r - 372 = 5*k. Is r/(-4)*(-2)/(-1) prime?
False
Let f(i) = -i**2 - 8*i + 8. Let g(t) = t - 1. Let p(k) = f(k) + 6*g(k). Let u be p(-2). Suppose 2*x + u*x - 44 = 0. Is x a composite number?
False
Let r be 1/(-2) + 234/(-4). Let u(l) = -2*l**2 - 8. Let o be u(4). Let d = o - r. Is d a prime number?
True
Let z(x) = -6*x - 3. Is z(-4) prime?
False
Suppose -20*c - 620 = -2*s - 18*c, s + 5*c = 334. Is s prime?
False
Suppose -3*y - 102 - 630 = 0. Let c = -9 - y. Is c composite?
True
Suppose 176 = -v + 2*v - 5*t, v + 3*t = 200. Is v composite?
False
Let z(a) = 301*a - 25. Is z(3) a prime number?
False
Let t(o) be the first derivative of o**3/3 - 3*o + 8. Is t(-4) a composite number?
False
Let f be (-9)/3*38/6. Let z(u) = u**2 + 2*u + 3. Let j be z(7). Let l = f + j. Is l prime?
True
Suppose -2199 = -4*x + x. Is x prime?
True
Suppose 93 = -2*q + 5*q. Let m = q + 0. Is m a composite number?
False
Let g be (-4)/14 + 111/21. Suppose -g*h + c = -641, c = -h + 6*c + 109. Is h composite?
True
Is (0 - 1)*(-310 - -3) composite?
False
Let u(k) = -k**2 - 6*k - 6. Let m be u(-4). Suppose -5*i - m*l + 429 = 0, 330 = 4*i - 4*l - l. Is i a prime number?
False
Let m be 19 - (1*-6 + 3). Suppose 0 = -f + m + 24. Is f composite?
True
Suppose 4*z - 119 = 453. Is z a composite number?
True
Suppose -18*d + 23*d + 4*f = 575, 3*d - 372 = 3*f. Is d a composite number?
True
Let d = -183 + -168. Let m = -230 - d. Suppose 0*f + f - m = 0. Is f composite?
True
Suppose 4*g - 11 = -3. Suppose 2 = -2*k - 2*h - 8, 0 = g*k + 4*h + 8. Let c(i) = i**2 - 2*i + 7. Is c(k) prime?
False
Let g(j) = 72*j - 13. Is g(6) composite?
False
Suppose 0 = 5*z - z - 6172. Is z prime?
True
Suppose m = 4*m + 564. Let b = -107 - m. Suppose -93 = -w - 2*o + o, w - b = 5*o. Is w composite?
True
Let q(a) be the second derivative of 4*a**3/3 - 5*a**2/2 + 3*a. Let c(g) = -g**3 + 6*g**2 - 4*g. Let r be c(5). Is q(r) composite?
True
Let g(l) = 14*l**2 + 3*l + 29. Let i(n) = 5*n**2 + n + 10. Let s(c) = -6*g(c) + 17*i(c). Is s(6) prime?
False
Let w = -100 + 165. Is w composite?
True
Suppose -3*i + 429 + 738 = 0. Suppose -i = -5*t + 4*t. Is t a composite number?
False
Let q(r) = 0 - 6 + 1 - r - 6*r**3 - r - 5*r**2. Is q(-4) a composite number?
False
Let y(d) = 2*d - 4. Let s be y(3). Suppose 3*z + s*v - 197 = 0, -2*z + 2*v - 3*v = -133. Is z a prime number?
False
Let a(b) = 204*b - 14. Let r(f) = -68*f + 5. Let p(z) = 6*a(z) + 17*r(z). Let t be (-21)/(-35) - 6/(-15). Is p(t) composite?
True
Is (-4 - -266)*9/6 composite?
True
Let a(t) = t**3 - 7*t**2 + 4*t - 9. Let b(r) = r**2 - 8*r + 7. Let q be b(8). Is a(q) a prime number?
True
Suppose 0 = -2*h + 729 + 617. Is h a composite number?
False
Let p(l) = 6*l + 3. Suppose 3*c + 9 = 6*c. Let x be p(c). Let q = x - 11. Is q a prime number?
False
Is (-8)/4*(-446)/4 composite?
False
Let b = -4 - -6. Let t(d) = d**b - 2 + 3*d + 1 - 2. Is t(-5) a composite number?
False
Let u(b) = -13*b + 2. Let g = -6 - -1. Is u(g) composite?
False
Suppose 0*v = 2*q - 5*v - 10, -5*q - 3*v = -56. Let i = q + -6. Suppose -4*r + i*n - 7 = -63, -2*r - 2*n = -48. Is r a prime number?
True
Let n(a) = 5*a + 6. Let p(z) = 4*z + 5. Let c(m) = 5*n(m) - 6*p(m). Let i be c(0). Suppose -3*j = -2*j + 4*b - 197, i = 5*j + 4*b - 937. Is j composite?
True
Let h be ((-3 - -5) + -473)*1. Let d = -220 - h. Is d a prime number?
True
Let d(x) = x + 5. Let z be d(-5). Suppose z*y + 5*y = 35. Is y a prime number?
True
Let d(u) = -u**3 + 8*u**2 + 5*u + 7. Is d(6) a composite number?
False
Suppose -3113 = -4*w + 6563. Is w composite?
True
Let p be ((-8)/6)/((-4)/18). Is (3 + p + -2)*1 a prime number?
True
Suppose -2*n + 34 = -60. Is n a prime number?
True
Suppose -3*t - x - 5037 = -7*t, -5*t = x - 6294. Is t a prime number?
True
Let v(c) = 18*c**2 + 2*c + 13. Is v(-4) composite?
False
Is -3 - (6/2 + -523) a composite number?
True
Let l(i) = i**2 + 4*i + 5. Let m be l(-4). Suppose -2*k - 153 = -m*k. Is k prime?
False
Suppose 2450 = 5*v + 5*h, v + 1963 = 5*v + h. Is v a composite number?
False
Suppose 1244 + 13261 = 5*b. Is b a prime number?
False
Let g(a) = 98*a**3 + a. Let m be g(1). Suppose 3*z = -5*i + 161, 0 = 3*i + 3*z - 0*z - m. Is i prime?
True
Let k(n) = 4*n**2 + 4*n + 5. Is k(-2) prime?
True
Let h(c) = -c**2 + 5*c + 8. Let u be h(6). Suppose 5*j - u*j = -5*d + 19, 15 = 5*j. Is 20/6*21/d a composite number?
True
Let z(v) = v**2 - v - 7. Let c be z(6). Let b(k) = -k**2 + 4*k + 2. Let t be b(4). Suppose -t*j + 21 + c = 0. Is j a prime number?
False
Suppose 6*s - 4*s = 226. Is s prime?
True
Suppose -3*b + 3*h + 340 = -986, -869 = -2*b + 5*h. Is b prime?
False
Let a = -130 + 219. Is a composite?
False
Let w be (4 + -6 - 3)*-33. Let h = w - 106. Is h prime?
True
Let c be ((-6)/(-15))/(1/5). Let s(k) = -4*k - c*k - k**2 + 5*k + 53. Is s(0) a prime number?
True
Is (-1 - (-1357)/3)/((-6)/(-9)) a prime number?
True
Let o(z) = z + 6. Let y be o(5). Let g(h) = h + 446 - 442 + 2*h. Is g(y) composite?
False
Is 1381/(2/(2 - 0)) prime?
True
Suppose -v + 4 = -1. Suppose -p - 5*h - 80 = 0, v*p - 2*p + h + 226 = 0. Is p/(-6)*8/10 a composite number?
True
Let x = -24 + 67. Let n = x - 23. Suppose 0 = 4*u - 2*o - 36, 0 = -4*o - 4 + n. Is u prime?
True
Let w = -1076 + 2475. Is w a prime number?
True
Suppose 4*d - 419 = -103. Is d composite?
False
Let l(d) = 118*d**2 - 1. Let z be l(-2). Suppose 2*a - z = -a. Is a a prime number?
True
Let c = 11 + -7. Suppose -l - c*l + 1703 = -2*k, 0 = 3*k - 3. Is l a composite number?
True
Let r(q) = -27*q**2 - 2*q - 1. Let h be r(-2). Is 828/7 - (-30)/h prime?
False
Suppose 0 = -4*f - 0*f + 796. Is f prime?
True
Let a = 217 - 100. Suppose 4*x = a + 191. Is x composite?
True
Let j = 0 - -5. Suppose u - j*u = 0. Suppose u*q + 580 = 4*q. Is q a composite number?
True
Let n be (-7)/(-9) - (-8)/36. Suppose p - 49 - n = 0. Let q = 15 + p. Is q composite?
True
Suppose -228 = 4*n - 4*q, 0 = 3*n + 4*q - q + 141. Suppose -5*z + 2*j + 36 = 0, 4*z = -3*j + 35 + 3. Is (n/z)/((-1)/2) composite?
False
Suppose 0 = -c + 2*c - 2*f + 8, -3*f = 4*c + 54. Let y be (4/c)/(1/(-207)). Let z = y + 398. Is z prime?
True
Let z = -25 + 6. Let c = z - -56. Is c a prime number?
True
Suppose -5*o = 2*i - 2*o, -5*i = 2*o - 11. Suppose 4*s + 8 = 5*w, w = -i*s + 4*w - 3. Is 2 + 82 - s/(-3) composite?
True
Let a(x) = -x**3 - 7*x**2 - 6*x - 7. Let u be a(-6). Let o be ((-6)/u)/(2/(-56)). Let i = -9 - o. Is i a composite number?
True
Let u be (-2 + (-16)/(-10))*-5. Suppose -u*f + 138 - 40 = 0. Is f composite?
True
Let i = 28 - 45. Let g(o) = -o**3 - 14*o**2 + 13*o - 11. Is g(i) prime?
False
Suppose m = 2*m - 91. Is m a prime number?
False
Let x be -1 + 6 + -1 + -2. Suppose -5*d = -2*t - 473, -2*d = x*d + t - 381. Is d a prime number?
False
Suppose 0 = -3*f + 3*k - 8*k, f + 7 = -4*k. Suppose -u + 5*q - 4 = q, f*q = 5*u + 5. Is (-1 + 38)/(1 + u) a prime number?
True
Suppose -345 = -3*b + 3*p, -341 = -3*b - 0*p + p. Is b a prime number?
True
Let r(o) = 4*o**3 + 3*o**2 - 4. Let b be r(3). Suppose -m = -b + 12. Is m prime?
False
Let h be 4/(-14) + 111/21. Is -35*((-7)/h - -1) a composite number?
True
Let m(r) = -r + 13. Let c be m(6). Suppose 